75.
349
Let p(r) = 83 + r**2 + r - r - 86. Let u be p(-3). List the prime factors of (122/(-10))/(u/(-30)).
61
Suppose -2*a + 0*a - 5*q = 13, 3*a + 3*q = 3. Let n = -5 - -7. Suppose -a*h = -n*h - 144. List the prime factors of h.
2, 3
Let q(h) = h**3 + 13*h**2 - h - 9. Let x be q(-13). Suppose j + 200 = -x*j. Let s = j - -65. What are the prime factors of s?
5
Let c(s) = 3*s - 35. Let h be c(14). What are the prime factors of (-123 - h)*2/(-5)?
2, 13
Let w = 58 + -32. Let k = -31 + w. What are the prime factors of (10 - 0)/k + 59?
3, 19
Let b(p) be the first derivative of p**3/3 - 4*p**2 + 2*p - 5. Let d be b(9). Suppose 2*g = 5 + d. What are the prime factors of g?
2
Suppose -3*l - 11*l = -266. Let y(q) = -4*q. Let p be y(1). Let b = p + l. List the prime factors of b.
3, 5
Let v(d) = -d**3 - 4*d**2 - 5*d + 14. What are the prime factors of v(-9)?
2, 29
Let v be (-2)/(-4)*(-13 - -7). Let u = 67 - v. What are the prime factors of u?
2, 5, 7
Let r be 44 + -1*(3 - 4). Let u = r + 8. Let b = u + -32. List the prime factors of b.
3, 7
Let n(m) = 71*m - 1. Let a be n(-1). Let u = -42 - a. List the prime factors of u.
2, 3, 5
Let g be 0 - -3 - (-8 - -7). Suppose 9 = g*u + 3*v - 4, -u - 3*v = -1. Suppose u*o - 59 = -11. What are the prime factors of o?
2, 3
Let w(t) = -34*t - 30. Let x(h) = -32*h - 30. Let r(m) = -5*w(m) + 6*x(m). What are the prime factors of r(-6)?
2, 3, 17
Let n = 10 - 7. Let s be (n/((-9)/(-30)))/2. Suppose -6*x + 30 = s*b - 3*x, -x + 17 = 4*b. List the prime factors of b.
3
Let p be 5/25 + 38/10. Suppose -w - p*z + 7*z = -64, 3*w - z = 160. Suppose t - w = -3*t. List the prime factors of t.
13
Let j be 20/90 - (-86)/18. Suppose -j - 6 = -w. Let o = w - -18. What are the prime factors of o?
29
Let c = -32 + 17. Let w be 3/c - (-888)/15. Let m = w + -41. What are the prime factors of m?
2, 3
Let o be -47*4/(8/2). Let b = -32 - o. List the prime factors of b.
3, 5
Suppose 650 = 5*z - 3565. What are the prime factors of z?
3, 281
Suppose 5*v = g + 394, 0*v + 4*v = 4*g + 312. Let q = v + -55. Suppose -q = -6*u + 2*u. What are the prime factors of u?
2, 3
Let b(g) = 6*g**2 - 7*g + 6. Let d(m) = m + 1. Let w(z) = -b(z) - 6*d(z). Let r(i) be the first derivative of w(i). What are the prime factors of r(-4)?
7
Suppose -5*i + 811 = -5*t + 7166, 5*t = 3*i + 6359. List the prime factors of t.
19, 67
Suppose -10 = 3*g - 5*i + 1, 4*i = -4*g - 36. Let o = 18 - g. Suppose 3*l = 8*l - o. What are the prime factors of l?
5
Let l(j) = 13*j**3 - 2*j**2 + j + 1. Let t be l(2). Suppose -29 = 2*u - t. What are the prime factors of u?
5, 7
Let c(h) = 136*h - 202. List the prime factors of c(14).
2, 23, 37
Let h(s) = -s**3 - 4*s**2 + 2*s - 1. Let i(o) = -o + 1. Let y(m) = -h(m) + 3*i(m). Suppose -13 = 3*r + j, -r + 0 - 7 = -j. List the prime factors of y(r).
2
Suppose -1285 = 2*c - 7*c. Let a = -128 + c. List the prime factors of a.
3, 43
Let v be (-11140)/(-25) - (-2)/5. Let t = v - 274. What are the prime factors of t?
2, 43
Suppose 2*m + 2*m = 2*p - 20, p - 19 = 5*m. Suppose -p*c + 291 = -17. What are the prime factors of c?
7, 11
Let w(d) = d**2 - 5*d + 1. Let h be w(4). What are the prime factors of (h - -7)*58/4?
2, 29
Let b(t) = t**2 - 2*t - 7. Let l be b(3). Let p be l*7/(21/(-12)). Let y = p + -9. What are the prime factors of y?
7
Let c(i) = -119*i + 106. List the prime factors of c(-6).
2, 5, 41
Let u = 1431 + -1087. What are the prime factors of u?
2, 43
Let g(z) = 80*z**3 - 7*z**2 + 6*z. List the prime factors of g(2).
2, 3, 13
Suppose x + 5 - 11 = 0. Let b(y) = 3*y - 16. What are the prime factors of b(x)?
2
What are the prime factors of 5/(-15) + (-239640)/(-45)?
3, 5, 71
Suppose 8*w - 6755 = 589. List the prime factors of w.
2, 3, 17
Let j be 2*(4 - (-1 + -122)). Suppose -5*i = a - j, 0*i - 5*a - 180 = -4*i. List the prime factors of i.
2, 5
Let o(x) = 40*x**2 - 5*x + 24. What are the prime factors of o(3)?
3, 41
Let t = 1069 - 121. Suppose 6*y = -0*y + t. What are the prime factors of y?
2, 79
Suppose 0 = 2*q + 836 - 3936. List the prime factors of q.
2, 5, 31
Let b be 40/7 + (-2)/(-7). Let f = -4 + b. Suppose 4*i = 5*g - 208, -5*g + 0*i - f*i + 226 = 0. List the prime factors of g.
2, 11
Let z(l) = 2*l - 4*l + l + 18. Let g be z(16). Let t = g - -12. What are the prime factors of t?
2, 7
Suppose -1434 = 22*v - 25414. List the prime factors of v.
2, 5, 109
Suppose 38 = 3*d - 382. Suppose d = 4*s - 4*b, 0*b + 149 = 4*s - b. Let o = s + -18. What are the prime factors of o?
2, 5
Suppose -28 = z - 11. Let r = z - -206. What are the prime factors of r?
3, 7
Let s(n) = -n**3 + n**2 - 2*n + 1. Let z be s(2). List the prime factors of (-7 - (4 - 0))*z.
7, 11
Suppose 0 = g + 5*c - 1252, 0 = -4*c - 1 - 15. What are the prime factors of g?
2, 3, 53
Let v(z) = z**2 + 15*z + 10. Let j be v(-14). Let u = 4 + j. Suppose -n + 0*n - 4*x + 37 = u, -n + 44 = -3*x. What are the prime factors of n?
41
Let p = 4 - 4. Let g(f) = -f + f**2 + 24 + 0 + p*f**2. List the prime factors of g(0).
2, 3
Let f(u) = 10*u**2 + 28*u. List the prime factors of f(7).
2, 7
Let f(y) = -y - 8. Let c be f(-6). Let l be -1 - c - 10/(-1). Let p = -8 + l. List the prime factors of p.
3
Let h(l) = -8*l + 6. Let k(m) = 7*m - 6. Suppose -4*x = -2*x - 12. Let o(j) = x*h(j) + 7*k(j). What are the prime factors of o(12)?
2, 3
Suppose -2*q + 116 = c - 0*c, 3*q - 360 = -3*c. Let f = c + -37. List the prime factors of f.
3, 29
Let r = 6782 + -2796. List the prime factors of r.
2, 1993
Suppose 2*g - 1054 = 2*q, 3*g - 6*q = -q + 1579. Suppose -92 - g = -5*k. List the prime factors of k.
2, 31
Let y = 6 + -6. Suppose -q + 5*h + 48 = y, -2*h + 7*h - 25 = 0. List the prime factors of q.
73
Suppose -719*x = -718*x - 779. What are the prime factors of x?
19, 41
Let p(z) = 3*z**2 + 4. Let d(i) be the first derivative of i**2/2 - 20*i - 5. Let w be d(17). List the prime factors of p(w).
31
Let m(b) = -8*b**2. Let f be m(3). Let z = f - -276. What are the prime factors of z?
2, 3, 17
Let w(h) = -h**3 + 6*h - 4. Let g be w(-3). Suppose -g*o = 5*z - 165, -4*o + z + z = -162. Let y = o + 16. List the prime factors of y.
2, 3
Let l(q) = q**2 + 16*q + 9. Let n be l(-8). Let j = n - 205. What are the prime factors of j/(-6) - 15/45?
43
Suppose -3*c + 3 = -3. Suppose -6*l = -3*l - 3*v - 21, -c*v - 2 = l. Suppose l*q - 29 = 55. What are the prime factors of q?
3, 7
Let s(p) = p**3 + 3*p**2 + 2. Let a be s(-3). Let f be (-1)/1 - 2/a. List the prime factors of (f - 1) + (-1679)/(-23).
2, 5, 7
Suppose -2*p - 6 - 62 = -4*h, 0 = -5*h - 5*p + 70. Suppose -h*a + 15*a = -41. List the prime factors of a.
41
List the prime factors of (-15)/(-5*(-7)/(-1435)).
3, 5, 41
Suppose -47*q + 21909 - 900 = 0. What are the prime factors of q?
3, 149
Suppose 5*b = -0*b. Suppose b = -5*y + 30 + 180. List the prime factors of y.
2, 3, 7
Suppose 6*c - 327 = 93. Suppose 4*r - 138 = c. What are the prime factors of r?
2, 13
Suppose -4*n = -12*n + 976. Suppose v - 145 = n. List the prime factors of v.
3, 89
Let g(z) = -2*z**2 - 9*z - 4. Let r be g(-7). Let t = r + 55. Suppose 3*i - i - t = 0. List the prime factors of i.
2
Suppose 0*m - 24 = -3*m. Let s be 5/((12/m)/(-3)). List the prime factors of ((-198)/(-15))/((-4)/s).
3, 11
Suppose 20790 - 1764 = 9*j. List the prime factors of j.
2, 7, 151
Let u = -102 + 104. List the prime factors of (84/24)/(u/188).
7, 47
Let z(h) = 4*h**2 + 6*h - 6. Let b(m) = -m**3 + 20*m**2 - m + 23. Let d be b(20). What are the prime factors of z(d)?
2, 3
Let b(d) = d**3 - 15*d**2 + d - 12. Let r be b(15). Let o = 2 + r. Let k = 19 - o. What are the prime factors of k?
2, 7
Let d = -39 - -36. Let o(k) = -84*k - 5. List the prime factors of o(d).
13, 19
Let n(d) = -d**3 + 25*d**2 - 26*d + 128. What are the prime factors of n(23)?
2, 3, 7
Suppose 4*p - 4*y - 2 = -2*y, 3*p + 3*y - 15 = 0. Let r be -3 + 2 + 98 + 2. Suppose -w - r = -p*o, -3*o + 95 = -o - 5*w. List the prime factors of o.
2, 5
Let v(u) = 4*u**2 + 2*u**2 + 5 + 8*u**3 - 9*u**3. Let l be v(6). Suppose 0 = 3*r - l*x - 134, 18 - 2 = -4*x. List the prime factors of r.
2, 19
Let a be 36/(-48) - (-94)/8. Suppose a = j - 18. List the prime factors of j.
29
What are the prime factors of ((-450)/(-20))/(-15) - 5859/(-6)?
3, 5, 13
Let t(v) = 6*v**3 - v